3
What is the remainder when 1427 is divided by 47?
17
What is the remainder when 31936 is divided by 293?
292
Calculate the remainder when 158 is divided by 27.
23
Calculate the remainder when 41 is divided by 29.
12
Calculate the remainder when 193 is divided by 33.
28
Calculate the remainder when 137 is divided by 66.
5
Calculate the remainder when 920 is divided by 379.
162
What is the remainder when 111 is divided by 39?
33
Calculate the remainder when 3095 is divided by 344.
343
What is the remainder when 5215 is divided by 65?
15
Calculate the remainder when 20 is divided by 17.
3
What is the remainder when 2326 is divided by 18?
4
What is the remainder when 8325 is divided by 43?
26
What is the remainder when 207 is divided by 59?
30
Calculate the remainder when 69 is divided by 18.
15
Calculate the remainder when 1687 is divided by 196.
119
What is the remainder when 41 is divided by 21?
20
Calculate the remainder when 68 is divided by 26.
16
Calculate the remainder when 167 is divided by 21.
20
Calculate the remainder when 361 is divided by 126.
109
Calculate the remainder when 1299 is divided by 649.
1
What is the remainder when 205 is divided by 58?
31
Calculate the remainder when 1181 is divided by 16.
13
Calculate the remainder when 77 is divided by 20.
17
Calculate the remainder when 44 is divided by 8.
4
What is the remainder when 50 is divided by 42?
8
What is the remainder when 487 is divided by 70?
67
Calculate the remainder when 23 is divided by 7.
2
Calculate the remainder when 2896 is divided by 81.
61
Calculate the remainder when 64 is divided by 14.
8
Calculate the remainder when 1098 is divided by 104.
58
Calculate the remainder when 114 is divided by 1.
0
What is the remainder when 117 is divided by 7?
5
Calculate the remainder when 4502 is divided by 8.
6
Calculate the remainder when 13565 is divided by 266.
265
What is the remainder when 10436 is divided by 12?
8
Calculate the remainder when 434 is divided by 17.
9
What is the remainder when 193 is divided by 42?
25
Calculate the remainder when 1779 is divided by 354.
9
Calculate the remainder when 49 is divided by 20.
9
What is the remainder when 477 is divided by 102?
69
What is the remainder when 481 is divided by 23?
21
What is the remainder when 197 is divided by 23?
13
Calculate the remainder when 1150 is divided by 77.
72
What is the remainder when 112 is divided by 60?
52
Calculate the remainder when 52 is divided by 10.
2
What is the remainder when 1894 is divided by 158?
156
Calculate the remainder when 1887 is divided by 42.
39
Calculate the remainder when 8653 is divided by 234.
229
Calculate the remainder when 137 is divided by 28.
25
Calculate the remainder when 80 is divided by 68.
12
Calculate the remainder when 1993 is divided by 57.
55
What is the remainder when 65 is divided by 17?
14
Calculate the remainder when 319 is divided by 129.
61
What is the remainder when 646 is divided by 54?
52
What is the remainder when 955 is divided by 256?
187
Calculate the remainder when 45 is divided by 19.
7
Calculate the remainder when 93 is divided by 20.
13
What is the remainder when 4091 is divided by 6?
5
What is the remainder when 1692 is divided by 154?
152
What is the remainder when 2052 is divided by 13?
11
Calculate the remainder when 162 is divided by 24.
18
Calculate the remainder when 29 is divided by 8.
5
What is the remainder when 4139 is divided by 92?
91
What is the remainder when 933 is divided by 85?
83
Calculate the remainder when 128 is divided by 13.
11
What is the remainder when 659 is divided by 44?
43
Calculate the remainder when 31 is divided by 13.
5
What is the remainder when 162 is divided by 15?
12
What is the remainder when 110 is divided by 1?
0
Calculate the remainder when 406 is divided by 231.
175
What is the remainder when 206 is divided by 99?
8
Calculate the remainder when 159 is divided by 15.
9
Calculate the remainder when 492 is divided by 170.
152
Calculate the remainder when 5577 is divided by 1858.
3
Calculate the remainder when 73 is divided by 28.
17
Calculate the remainder when 346 is divided by 127.
92
What is the remainder when 116 is divided by 19?
2
Calculate the remainder when 367 is divided by 74.
71
What is the remainder when 3299 is divided by 1096?
11
What is the remainder when 380 is divided by 26?
16
Calculate the remainder when 1523 is divided by 61.
59
What is the remainder when 277 is divided by 268?
9
Calculate the remainder when 357 is divided by 94.
75
What is the remainder when 1680 is divided by 241?
234
Calculate the remainder when 220 is divided by 20.
0
Calculate the remainder when 901 is divided by 102.
85
What is the remainder when 28 is divided by 9?
1
Calculate the remainder when 482 is divided by 27.
23
Calculate the remainder when 46 is divided by 27.
19
What is the remainder when 21 is divided by 8?
5
Calculate the remainder when 578 is divided by 116.
114
Calculate the remainder when 54 is divided by 49.
5
What is the remainder when 2782 is divided by 41?
35
What is the remainder when 367 is divided by 11?
4
What is the remainder when 1514 is divided by 311?
270
What is the remainder when 249 is divided by 11?
7
Calculate the remainder when 326 is divided by 70.
46
Calculate the remainder when 542 is divided by 31.
15
Calculate the remainder when 332 is divided by 89.
65
Calculate the remainder when 212 is divided by 118.
94
What is the remainder when 1164 is divided by 22?
20
What is the remainder when 1774 is divided by 438?
22
Calculate the remainder when 1905 is divided by 83.
79
Calculate the remainder when 686 is divided by 234.
218
Calculate the remainder when 480 is divided by 33.
18
What is the remainder when 35739 is divided by 42?
39
Calculate the remainder when 1005 is divided by 211.
161
Calculate the remainder when 3928 is divided by 207.
202
What is the remainder when 319 is divided by 16?
15
What is the remainder when 304 is divided by 75?
4
What is the remainder when 926 is divided by 117?
107
Calculate the remainder when 1703 is divided by 113.
8
What is the remainder when 436 is divided by 91?
72
What is the remainder when 97 is divided by 11?
9
Calculate the remainder when 492 is divided by 139.
75
Calculate the remainder when 287 is divided by 73.
68
What is the remainder when 252 is divided by 37?
30
What is the remainder when 2067 is divided by 171?
15
Calculate the remainder when 3826 is divided by 116.
114
What is the remainder when 2 is divided by 2?
0
Calculate the remainder when 8421 is divided by 26.
23
Calculate the remainder when 2637 is divided by 30.
27
What is the remainder when 186 is divided by 63?
60
Calculate the remainder when 96 is divided by 28.
12
What is the remainder when 9149 is divided by 104?
101
What is the remainder when 656 is divided by 34?
10
What is the remainder when 28 is divided by 18?
10
Calculate the remainder when 650 is divided by 647.
3
Calculate the remainder when 504 is divided by 15.
9
What is the remainder when 1526 is divided by 18?
14
What is the remainder when 134 is divided by 30?
14
What is the remainder when 224 is divided by 51?
20
Calculate the remainder when 7582 is divided by 24.
22
Calculate the remainder when 514 is divided by 11.
8
Calculate the remainder when 425 is divided by 60.
5
What is the remainder when 527 is divided by 8?
7
What is the remainder when 1531 is divided by 21?
19
Calculate the remainder when 709 is divided by 137.
24
Calculate the remainder when 60 is divided by 44.
16
Calculate the remainder when 2091 is divided by 39.
24
What is the remainder when 123 is divided by 95?
28
Calculate the remainder when 249 is divided by 3.
0
Calculate the remainder when 320 is divided by 19.
16
Calculate the remainder when 334 is divided by 67.
66
What is the remainder when 1340 is divided by 26?
14
What is the remainder when 39 is divided by 33?
6
Calculate the remainder when 2543 is divided by 52.
47
Calculate the remainder when 432 is divided by 151.
130
What is the remainder when 3224 is divided by 129?
128
Calculate the remainder when 117 is divided by 40.
37
What is the remainder when 589 is divided by 298?
291
What is the remainder when 189 is divided by 158?
31
Calculate the remainder when 31